True
Is 1461934 a multiple of 11?
False
Is 1031 a factor of 8458209?
False
Is 314520 a multiple of 31?
False
Is 50616 a multiple of 18?
True
Does 407 divide 379731?
True
Is 1372528 a multiple of 105?
False
Is 7020 a multiple of 6?
True
Is 101 a factor of 25317670?
True
Does 268 divide 1125600?
True
Is 36372 a multiple of 7?
True
Is 14 a factor of 7664569?
False
Is 919360 a multiple of 221?
True
Does 38 divide 4083097?
False
Does 11 divide 2610542?
True
Is 69 a factor of 245226?
True
Is 20 a factor of 17171?
False
Is 20 a factor of 185509?
False
Does 28 divide 3142860?
True
Is 966240 a multiple of 22?
True
Is 285 a factor of 45114?
False
Does 149 divide 902642?
True
Does 12 divide 3684552?
True
Is 151190 a multiple of 185?
False
Is 9564012 a multiple of 36?
True
Is 28658 a multiple of 6?
False
Is 202710 a multiple of 5?
True
Is 19 a factor of 195130?
True
Is 35 a factor of 493150?
True
Does 43 divide 301600?
False
Does 7 divide 323910?
False
Is 3 a factor of 426957?
True
Is 18 a factor of 1187910?
True
Is 2594629 a multiple of 12?
False
Is 92301 a multiple of 325?
False
Is 187850 a multiple of 34?
True
Does 38 divide 601122?
True
Is 11 a factor of 446184?
False
Is 13 a factor of 343512?
True
Is 22 a factor of 3913744?
False
Is 24 a factor of 111486?
False
Is 25 a factor of 77093?
False
Is 13906 a multiple of 34?
True
Does 152 divide 469072?
True
Is 853 a factor of 1129372?
True
Is 40 a factor of 770208?
False
Does 3 divide 184180?
False
Does 20 divide 36180?
True
Is 112432 a multiple of 11?
False
Is 219156 a multiple of 49?
False
Is 358 a factor of 2412562?
True
Is 2 a factor of 77807?
False
Does 1305 divide 1080540?
True
Does 218 divide 3791020?
True
Is 643 a factor of 2150835?
True
Is 820126 a multiple of 16?
False
Is 1206821 a multiple of 2?
False
Does 68 divide 64124?
True
Is 52520 a multiple of 40?
True
Does 185 divide 2678615?
True
Does 473 divide 6419083?
True
Is 178066 a multiple of 79?
True
Is 46 a factor of 189186?
False
Is 303020 a multiple of 102?
False
Is 697840 a multiple of 244?
True
Is 8 a factor of 79721?
False
Is 2 a factor of 178273?
False
Is 288466 a multiple of 22?
False
Does 200 divide 28800?
True
Is 95104 a multiple of 32?
True
Is 130 a factor of 13520?
True
Is 26 a factor of 4498?
True
Does 14 divide 360215?
False
Does 18 divide 6142014?
True
Is 3613 a multiple of 54?
False
Is 10 a factor of 5529?
False
Is 64 a factor of 21056?
True
Does 416 divide 35776?
True
Is 17 a factor of 339694?
True
Does 155 divide 10467061?
False
Is 1551479 a multiple of 29?
False
Is 142 a factor of 67308?
True
Does 25 divide 1503450?
True
Is 441864 a multiple of 153?
True
Does 100 divide 456900?
True
Is 107575 a multiple of 28?
False
Is 199639 a multiple of 16?
False
Does 6 divide 1210941?
False
Does 13 divide 1114149?
False
Does 133 divide 1174139?
False
Is 109226 a multiple of 22?
False
Is 9326889 a multiple of 125?
False
Is 9363230 a multiple of 17?
False
Is 24 a factor of 1206154?
False
Is 680909 a multiple of 188?
False
Is 4136895 a multiple of 217?
False
Does 230 divide 750062?
False
Is 17 a factor of 207348?
False
Is 20913 a multiple of 67?
False
Is 1628898 a multiple of 59?
False
Is 979506 a multiple of 153?
True
Is 389480 a multiple of 104?
True
Is 538200 a multiple of 260?
True
Is 59191 a multiple of 9?
False
Does 409 divide 167938?
False
Is 3258270 a multiple of 38?
False
Is 46608 a multiple of 48?
True
Is 254488 a multiple of 26?
True
Is 2702196 a multiple of 36?
True
Is 6 a factor of 79503?
False
Is 16459849 a multiple of 119?
False
Does 46 divide 555396?
False
Does 17 divide 81140?
False
Is 45563 a multiple of 5?
False
Does 38 divide 4226524?
False
Is 414936 a multiple of 34?
True
Is 3793002 a multiple of 9?
False
Does 90 divide 2221920?
True
Does 2902 divide 29078040?
True
Is 25 a factor of 156725?
True
Is 70 a factor of 175070?
True
Does 560 divide 412021?
False
Is 160 a factor of 35040?
True
Is 132770 a multiple of 9?
False
Is 325 a factor of 82962?
False
Is 7 a factor of 118373?
False
Does 175 divide 35355?
False
Does 2 divide 125948?
True
Is 8 a factor of 58703?
False
Is 986547 a multiple of 188?
False
Is 382 a factor of 435044?
False
Is 3 a factor of 122640?
True
Is 4027436 a multiple of 5?
False
Is 254 a factor of 5176520?
True
Does 2 divide 2619137?
False
Is 128 a factor of 4186371?
False
Is 2219243 a multiple of 45?
False
Is 420328 a multiple of 23?
False
Is 8012 even?
True
Is 294 a factor of 242256?
True
Is 1942777 a multiple of 44?
False
Is 17 a factor of 1503242?
True
Does 297 divide 2327886?
True
Is 2 a factor of 312672?
True
Does 9 divide 15205945?
False
Is 189 a factor of 282063?
False
Is 767380 a multiple of 305?
True
Is 47 a factor of 856802?
False
Does 26 divide 2634157?
False
Is 514526 a multiple of 26?
False
Is 446 a factor of 14272?
True
Is 402293 a multiple of 15?
False
Does 71 divide 66696?
False
Is 39395 a multiple of 8?
False
Is 49 a factor of 455904?
False
Is 300808 a multiple of 180?
False
Is 1177230 a multiple of 5?
True
Is 941307 a multiple of 60?
False
Does 7 divide 2161841?
False
Does 52 divide 1229540?
True
Is 521 a factor of 6752160?
True
Is 198833 a multiple of 91?
False
Is 515970 a multiple of 378?
True
Is 16 a factor of 4499667?
False
Is 19 a factor of 2193083?
False
Is 167 a factor of 750331?
True
Is 717614 a multiple of 225?
False
Does 15 divide 2748190?
False
Is 423 a factor of 296075?
False
Is 231 a factor of 5003229?
True
Does 3 divide 724863?
True
Is 1072 a factor of 4572327?
False
Is 784221 a multiple of 7?
False
Does 21 divide 547365?
True
Is 86599 a multiple of 71?
False
Does 8 divide 1034752?
True
Is 20 a factor of 5854431?
False
Is 1697806 a multiple of 22?
True
Is 102520 a multiple of 132?
False
Is 3605197 a multiple of 35?
False
Is 232152 a multiple of 136?
True
Is 521643 a multiple of 21?
False
Is 388 a factor of 10805093?
False
Is 529638 a multiple of 172?
False
Does 12 divide 456?
True
Is 47 a factor of 2038907?
True
Is 182550 a multiple of 30?
True
Does 4 divide 308?
True
Is 251 a factor of 507007?
False
Is 161 a factor of 197555?
False
Is 8639713 a multiple of 58?
False
Is 128 a factor of 28483?
False
Is 4276850 a multiple of 5?
True
Is 83 a factor of 358252?
False
Is 3388206 a multiple of 459?
False
Is 9 a factor of 392085?
True
Does 22 divide 1770912?
True
Does 38 divide 109136?
True
Does 7 divide 3431547?
True
Is 2860429 a multiple of 390?
False
Is 10 a factor of 2324323?
False
Is 72 a factor of 237960?
True
Is 226204 a multiple of 212?
True
Does 12 divide 65048?
False
Is 47 a factor of 1539156?
True
Does 161 divide 442074?
False
Is 55 a factor of 19329?
False
Is 111 a factor of 4217929?
False
Is 2843292 a multiple of 2?
True
Is 255 a factor of 2015520?
True
Is 95423 a multiple of 37?
True
Is 3506133 a multiple of 91?
False
Is 9 a factor of 2354559?
False
Is 3524080 a multiple of 464?
True
Is 1884540 a multiple of 49?
True
Is 14835 a multiple of 5?
True
Does 246 divide 96432?
True
Does 31 divide 1990727?
True
Does 938 divide 3306134?
False
Is 274114 a multiple of 24?
False
Does 117 divide 652831?
False
Is 34 a factor of 611879?
False
Does 11 divide 3279331?
True
Is 883 a factor of 891830?
True
Is 47504 a multiple of 16?
True
Is 4 a factor of 3671417?
False
Is 575076 a multiple of 17?
True
Is 139 a factor of 3061892?
True
Does 260 divide 1697881?
False
Is 477 a factor of 528039?
True
Is 239 a factor of 616620?
True
Is 14 a factor of 11710?
False
Is 1434012 a multiple of 876?
True
Is 12445 a multiple of 29?
False
Is 36 a factor of 4179420?
True
Does 98 divide 677529?
False
Is 21 a factor of 784287?
True
Does 42 divide 2795292?
False
Is 2 a factor of 125206?
True
Does 377 divide 375501?
False
Is 409 a factor of 9065667?
False
Is 731687 a multiple of 121?
True
Is 1924279 a multiple of 3?
False
Does 12 divide 2063832?
True
Is 427805 a multiple of 119?
True
Is 45 a factor of 2234160?
True
Is 458 a factor of 4089387?
False
Is 76432 a multiple of 180?
False
Is 23 a factor of 3698308?
True
Does 22 divide 49896?
True
Is 4470180 a multiple of 55?
True
Is 37 a factor of 892149?
False
Is 58 a factor of 12409854?
True
Is 927279 a multiple of 239?
False
Is 8 a factor of 17804?
False
Does 24 divide 997704?
True
Is 1659656 a multiple of 169?
False
Is 12 a factor of 523513?
False
Is 2165